f 393150 and 260.
10
What is the greatest common divisor of 17451 and 9479771?
1939
Calculate the highest common divisor of 676 and 335684.
4
Calculate the highest common divisor of 96 and 66213408.
96
Calculate the highest common divisor of 11427 and 606.
3
Calculate the highest common factor of 568 and 33525348.
284
Calculate the highest common divisor of 833989 and 2119.
13
Calculate the highest common factor of 12 and 971351784.
12
What is the highest common divisor of 4295 and 55157249?
859
Calculate the highest common factor of 17467056 and 432.
432
What is the greatest common divisor of 185599063 and 26?
13
Calculate the greatest common divisor of 12648 and 37690513.
527
What is the highest common divisor of 191 and 1209203237?
191
What is the greatest common factor of 12 and 2684901?
3
What is the highest common divisor of 2186522 and 131482?
338
What is the highest common divisor of 1003007 and 134?
1
Calculate the greatest common divisor of 23677688 and 928.
232
What is the highest common divisor of 23408 and 227957744?
2128
Calculate the greatest common divisor of 20705 and 18243565.
205
Calculate the highest common factor of 32208 and 176304.
48
What is the greatest common factor of 259 and 834276?
37
What is the greatest common divisor of 15313296 and 160?
16
What is the highest common factor of 38458 and 586250?
938
Calculate the highest common divisor of 18 and 691156818.
18
What is the greatest common divisor of 1805 and 21318133?
361
Calculate the highest common factor of 404292 and 105.
21
Calculate the greatest common factor of 144325 and 475.
25
Calculate the greatest common divisor of 1771 and 218155.
161
Calculate the greatest common factor of 4977777 and 4854.
2427
What is the highest common factor of 35980570 and 15585?
5195
Calculate the highest common divisor of 4100288 and 832.
64
Calculate the highest common factor of 105239295 and 360.
45
Calculate the greatest common divisor of 1284 and 7620861.
321
What is the greatest common divisor of 73268639 and 3138?
523
Calculate the greatest common divisor of 412876 and 1403126.
466
What is the greatest common factor of 553672 and 7952?
56
What is the greatest common divisor of 213087 and 153884?
73
What is the highest common factor of 41599 and 715547?
17
Calculate the greatest common factor of 21 and 824256867.
21
Calculate the greatest common factor of 521424 and 150.
6
Calculate the highest common factor of 1455 and 1949991.
291
Calculate the highest common factor of 1972 and 27724.
116
What is the highest common divisor of 16611 and 1352008?
49
Calculate the highest common factor of 270584 and 568.
8
What is the greatest common divisor of 1199 and 5115?
11
Calculate the highest common factor of 123 and 583499454.
123
What is the highest common factor of 14061196 and 35192?
332
Calculate the greatest common divisor of 312 and 1369744.
8
Calculate the highest common divisor of 41922540 and 4565.
55
Calculate the highest common factor of 10 and 30106970.
10
What is the highest common factor of 44936343 and 128581?
1811
What is the highest common divisor of 3827 and 295318109?
3827
What is the greatest common factor of 48672 and 108784?
208
Calculate the highest common factor of 6117328 and 86032.
4528
Calculate the greatest common divisor of 3845194 and 4413.
1471
Calculate the highest common factor of 64608232 and 778.
778
What is the greatest common divisor of 350905 and 113?
1
What is the greatest common divisor of 88738 and 9386?
26
Calculate the highest common factor of 5832337 and 14.
7
Calculate the highest common factor of 532 and 43600858.
266
What is the highest common factor of 253664476 and 364?
52
What is the highest common divisor of 47712 and 29904?
336
What is the greatest common factor of 7851865 and 1995?
35
Calculate the highest common divisor of 45972 and 63468.
36
What is the greatest common factor of 16981046 and 17190?
382
Calculate the greatest common factor of 108 and 471411630.
54
What is the greatest common factor of 1154 and 1278055?
577
Calculate the greatest common divisor of 63096 and 58542.
66
What is the greatest common factor of 7623 and 256788?
63
Calculate the greatest common factor of 21699015 and 1170.
195
Calculate the greatest common factor of 10 and 2367185.
5
Calculate the greatest common factor of 38746063 and 62.
31
Calculate the greatest common factor of 68736 and 60432.
48
What is the greatest common divisor of 9680 and 5005120?
80
Calculate the greatest common divisor of 129522398 and 463.
463
What is the highest common divisor of 182150164 and 28?
28
Calculate the highest common factor of 240 and 471756.
12
What is the highest common divisor of 62991045 and 1185?
1185
What is the highest common factor of 210 and 2119404?
42
What is the highest common divisor of 738 and 98904382?
82
Calculate the highest common factor of 198961538 and 1644.
274
Calculate the highest common factor of 36069 and 424281.
33
Calculate the highest common factor of 7266664 and 1064.
152
What is the greatest common divisor of 6865274 and 13?
13
What is the greatest common factor of 78 and 2507683854?
78
Calculate the highest common factor of 86 and 134595117.
43
What is the highest common factor of 2839885 and 195562?
353
Calculate the highest common factor of 18728 and 280643762.
4682
What is the greatest common divisor of 8732064 and 858?
66
What is the greatest common factor of 21869 and 54777?
19
What is the greatest common factor of 145480 and 68360?
40
What is the highest common factor of 1510 and 191192425?
755
What is the greatest common divisor of 217432743 and 297?
33
Calculate the greatest common divisor of 1500 and 12104250.
750
What is the highest common factor of 3139535 and 26480?
1655
Calculate the greatest common factor of 18612 and 74657.
11
What is the greatest common factor of 10376382 and 558?
186
Calculate the highest common divisor of 330864 and 79178.
122
What is the highest common factor of 48416 and 6232047?
1513
Calculate the greatest common divisor of 24878471 and 59.
59
What is the highest common divisor of 25115 and 395?
5
What is the highest common factor of 150159119 and 11?
11
Calculate the greatest common divisor of 559560 and 1160.
40
Calculate the greatest common divisor of 62222 and 248146.
106
Calculate the greatest common divisor of 28 and 251229244.
28
Calculate the greatest common factor of 262737696 and 96.
96
What is the highest common factor of 144171189 and 13617?
801
What is the greatest common divisor of 1638 and 34623498?
546
What is the highest common factor of 53 and 162162033?
53
Calculate the highest common factor of 16912985 and 3815.
545
What is the highest common factor of 700 and 204455300?
700
What is the highest common factor of 9086500 and 3207?
1069
What is the highest common factor of 8341 and 6166633?
439
What is the highest common divisor of 64 and 90387488?
32
What is the greatest common divisor of 5441 and 271?
1
Calculate the highest common divisor of 321008976 and 11124.
3708
Calculate the greatest common factor of 4095 and 129705.
15
Calculate the highest common factor of 89442 and 34.
2
What is the highest common factor of 18337594 and 220?
22
Calculate the highest common factor of 9977 and 52261.
11
Calculate the highest common factor of 10892 and 790160.
28
What is the highest common factor of 70 and 206055010?
70
Calculate the highest common divisor of 29376552 and 1608.
1608
Calculate the highest common divisor of 266786 and 132587.
403
Calculate the highest common divisor of 5228871 and 12726.
303
What is the greatest common factor of 24 and 5060568?
24
Calculate the highest common divisor of 3040 and 3465980.
380
What is the greatest common divisor of 5327442 and 378?
18
Calculate the greatest common factor of 644585 and 115.
5
What is the highest common factor of 7473630 and 60?
30
Calculate the highest common divisor of 472139396 and 3176.
1588
What is the greatest common divisor of 31744 and 1895424?
1024
What is the greatest common factor of 4686 and 359828?
142
Calculate the highest common divisor of 11592 and 210744.
72
What is the greatest common factor of 83 and 72543494?
83
Calculate the highest common divisor of 85650099 and 9121.
1303
What is the highest commo